23712.
2, 46845683
List the prime factors of 35467333.
11, 131, 151, 163
What are the prime factors of 535598436?
2, 3, 653, 68351
List the prime factors of 1191260702.
2, 1031, 577721
What are the prime factors of 6409654794?
2, 3, 2777, 42743
What are the prime factors of 954902610?
2, 3, 5, 31, 59, 5801
List the prime factors of 1975861758.
2, 3, 13, 67, 378083
What are the prime factors of 687827496?
2, 3, 109, 241, 1091
What are the prime factors of 1750367057?
293, 5973949
What are the prime factors of 1514956702?
2, 7, 108211193
What are the prime factors of 396134449?
109, 3634261
List the prime factors of 3109379448.
2, 3, 7, 18508211
List the prime factors of 127011543.
3, 23, 1840747
What are the prime factors of 145614116?
2, 36403529
What are the prime factors of 192442737?
3, 17, 3773387
What are the prime factors of 41122366?
2, 547, 37589
What are the prime factors of 605626696?
2, 1567, 48311
List the prime factors of 95213994.
2, 3, 15868999
What are the prime factors of 128180974?
2, 64090487
List the prime factors of 903855771.
3, 7, 13, 23, 3691
What are the prime factors of 29428124?
2, 11, 668821
What are the prime factors of 779099554?
2, 389549777
What are the prime factors of 2028872428?
2, 11, 71, 227, 2861
What are the prime factors of 19300160?
2, 5, 11, 5483
What are the prime factors of 35556588?
2, 3, 17, 58099
List the prime factors of 69416096.
2, 59, 36767
What are the prime factors of 87603944?
2, 10950493
List the prime factors of 1720972490.
2, 5, 37, 4651277
List the prime factors of 3971011584.
2, 3, 389, 3323
List the prime factors of 1845813392.
2, 115363337
List the prime factors of 143986343.
173, 832291
What are the prime factors of 56468360?
2, 5, 13, 31, 113
What are the prime factors of 1368218199?
3, 4007, 113819
List the prime factors of 513923460.
2, 3, 5, 97, 227, 389
What are the prime factors of 4441037273?
367, 1801, 6719
List the prime factors of 651692621.
89, 7322389
List the prime factors of 841854100.
2, 5, 71, 118571
What are the prime factors of 369412353?
3, 29, 471791
List the prime factors of 699137013.
3, 11117, 20963
List the prime factors of 316716271.
3889, 81439
List the prime factors of 7569856556.
2, 659, 2871721
List the prime factors of 466868754.
2, 3, 11, 2357923
List the prime factors of 1890558908.
2, 7, 67519961
List the prime factors of 337814.
2, 67, 2521
List the prime factors of 592363563.
3, 11, 53, 338687
List the prime factors of 2321915385.
3, 5, 47, 3293497
What are the prime factors of 4418472132?
2, 3, 23, 29, 83, 739
List the prime factors of 100763157.
3, 11, 79, 38651
List the prime factors of 10204609.
10204609
List the prime factors of 699518922.
2, 3, 116586487
List the prime factors of 48256459.
48256459
List the prime factors of 108481502.
2, 97, 559183
What are the prime factors of 444751821?
3, 307, 160967
List the prime factors of 2822249824.
2, 88195307
List the prime factors of 552355004.
2, 19, 89, 127, 643
What are the prime factors of 51520265?
5, 173, 59561
List the prime factors of 253389144.
2, 3, 283, 37307
What are the prime factors of 63580557?
3, 29, 730811
What are the prime factors of 228080438?
2, 233, 263, 1861
List the prime factors of 12798779.
7, 1828397
What are the prime factors of 3973367746?
2, 71, 107, 261509
What are the prime factors of 91563846?
2, 3, 11, 29, 4349
List the prime factors of 47450464.
2, 1482827
What are the prime factors of 36472639?
7, 37, 53, 2657
List the prime factors of 326733702.
2, 3, 107, 508931
What are the prime factors of 6154108039?
5857, 1050727
List the prime factors of 239988530.
2, 5, 23998853
List the prime factors of 185809947.
3, 61936649
What are the prime factors of 278387581?
41, 6789941
List the prime factors of 60796447.
19, 3199813
What are the prime factors of 2897662588?
2, 12539, 57773
What are the prime factors of 13003098?
2, 3, 2167183
List the prime factors of 1546646420.
2, 5, 11, 31, 241, 941
What are the prime factors of 672469392?
2, 3, 7, 2001397
What are the prime factors of 118827485?
5, 7, 3395071
What are the prime factors of 1016519489?
53, 19179613
List the prime factors of 50384362.
2, 7, 17, 31, 6829
List the prime factors of 328743562.
2, 7, 2857, 8219
What are the prime factors of 3447118083?
3, 10513, 109297
List the prime factors of 142309167.
3, 7, 11, 13, 47389
What are the prime factors of 1444432374?
2, 3, 7, 11, 137, 7607
List the prime factors of 280497530.
2, 5, 1753, 16001
List the prime factors of 128220163.
128220163
What are the prime factors of 801989174?
2, 7, 281, 29123
List the prime factors of 56459581.
56459581
What are the prime factors of 34037453?
3779, 9007
What are the prime factors of 19317223?
2749, 7027
List the prime factors of 499920563.
3299, 151537
What are the prime factors of 4605988695?
3, 5, 7, 11, 59, 257, 263
What are the prime factors of 32664920?
2, 5, 79, 10337
List the prime factors of 948054697.
948054697
What are the prime factors of 143996007?
3, 5309, 9041
What are the prime factors of 260153100?
2, 3, 5, 96353
List the prime factors of 285059781.
3, 4591, 6899
List the prime factors of 1416849707.
7, 13, 3541, 4397
List the prime factors of 163471953.
3, 19, 2867929
List the prime factors of 23495895.
3, 5, 67, 7793
What are the prime factors of 247915464?
2, 3, 10329811
What are the prime factors of 100165357?
179, 559583
List the prime factors of 591651006.
2, 3, 1543, 63907
What are the prime factors of 1619618964?
2, 3, 134968247
What are the prime factors of 298230877?
7, 5209, 8179
List the prime factors of 64474344.
2, 3, 11, 127, 641
List the prime factors of 55657163.
659, 84457
List the prime factors of 494770947.
3, 11, 67, 109, 2053
List the prime factors of 222826146.
2, 3, 37137691
List the prime factors of 5321318731.
181, 29399551
What are the prime factors of 654108570?
2, 3, 5, 37, 196429
What are the prime factors of 88417083?
3, 23, 1281407
What are the prime factors of 15627657?
3, 109, 47791
What are the prime factors of 64069166?
2, 7, 173, 3779
List the prime factors of 2993725728.
2, 3, 7, 19, 78157
What are the prime factors of 135915602?
2, 23, 2954687
List the prime factors of 1134675.
3, 5, 41
List the prime factors of 100423622.
2, 13, 3862447
What are the prime factors of 124451656?
2, 7, 2222351
What are the prime factors of 257728863?
3, 7, 19, 645937
What are the prime factors of 20980919?
20980919
List the prime factors of 101127415.
5, 131, 181, 853
What are the prime factors of 1442377757?
61, 839, 28183
List the prime factors of 1742780074.
2, 7, 461, 270031
List the prime factors of 148584665.
5, 29716933
List the prime factors of 426238312.
2, 431, 123619
What are the prime factors of 112501515?
3, 5, 7, 1071443
What are the prime factors of 160270388?
2, 40067597
What are the prime factors of 648170578?
2, 11, 59, 499361
What are the prime factors of 125001254?
2, 7, 1275523
List the prime factors of 901138054.
2, 29, 15536863
What are the prime factors of 375973507?
7, 13, 4131577
What are the prime factors of 104768771?
67, 23339
What are the prime factors of 435866661?
3, 48429629
List the prime factors of 350106285.
3, 5, 23340419
List the prime factors of 21273731.
101, 210631
List the prime factors of 123536427.
3, 7, 23, 251, 1019
What are the prime factors of 2286181367?
107, 21366181
What are the prime factors of 213941370?
2, 3, 5, 7131379
What are the prime factors of 57956509?
13, 4458193
What are the prime factors of 446367517?
446367517
List the prime factors of 2138650376.
2, 83, 3220859
List the prime factors of 104003851.
7, 14857693
List the prime factors of 603843366.
2, 3, 7, 17, 120817
What are the prime factors of 1831684261?
11, 17, 9795103
What are the prime factors of 88412704?
2, 547, 5051
What are the prime factors of 184439506?
2, 89, 443, 2339
What are the prime factors of 2172574395?
3, 5, 31, 127, 12263
List the prime factors of 75809755.
5, 7, 89, 24337
List the prime factors of 66398003.
7, 9485429
What are the prime factors of 52070909?
11, 4733719
List the prime factors of 140314460.
2, 5, 11, 13, 71, 691
List the prime factors of 32222818.
2, 97, 163, 1019
List the prime factors of 525969759.
3, 7, 25046179
What are the prime fact